et f(t) = t**3 - 5*t**2 + 2*t - 7. Let l be f(5). Calculate the greatest common factor of l and 2.
1
Let g(i) = -i**2 - 11*i - 10. Let u be g(-10). Suppose u = -k + 6*k. Suppose 3*d - 11 - 1 = k. Calculate the greatest common factor of d and 6.
2
Suppose -16 = -4*u - 4. Let v(x) = 4*x - 1. Let l be v(u). Let w = -1 - -2. What is the greatest common factor of w and l?
1
Let k = 12 + 3. Let p = 10 + -5. What is the highest common divisor of k and p?
5
Let r(g) = g - 4. Let b be r(-4). Let v = b - -9. What is the highest common factor of v and 2?
1
Suppose q - 24 = 15. Calculate the highest common divisor of q and 26.
13
Let x(f) = -f**3 - 6*f**2 - 5*f. Let m be x(-5). Suppose 3*t - 18 - 24 = m. Let a(d) = -3*d - 7. Let i be a(-7). What is the greatest common factor of t and i?
14
Suppose 4*r = 20, 2*q + 4*r = 17 + 11. Suppose -4*g = -3*x - 87, 0*g + 12 = g - q*x. Calculate the greatest common divisor of 24 and g.
24
Let n(i) = -3*i**3 - 3*i**2 - 2*i. Let p be n(-1). What is the highest common factor of p and 18?
2
Suppose 0 = 7*w - 89 - 2. Let f(u) be the first derivative of u**3/3 - 2*u**2 - 8*u - 2. Let m be f(7). What is the greatest common divisor of m and w?
13
Suppose 4*p = -19 - 5. Let f be -4*4/28 + 30/(-21). Let x be ((-5)/(-1))/(f/p). Calculate the greatest common divisor of 30 and x.
15
Let m be -2*(0 + 3*-3). Suppose z - 48 + 29 = -2*y, -5*z = 3*y - 123. Calculate the greatest common factor of m and z.
9
Suppose -5 = 6*d - d. Suppose 0*j = -2*k - j - 239, -5*j - 585 = 5*k. Let v be -2 - (d + k*1). Calculate the highest common divisor of v and 11.
11
Let a(b) = b**2 + 12*b + 22. Let p be a(-11). Calculate the greatest common factor of p and 99.
11
Let r be 2/(-5) + (-214)/(-10). What is the highest common divisor of 3 and r?
3
Suppose 0 = -3*r - 17 + 74. Calculate the greatest common factor of 95 and r.
19
Let r be 1 + (-45*3)/(-1). Calculate the highest common factor of r and 17.
17
Let i(r) be the first derivative of -r**4/4 - 3*r**3 + 17*r**2/2 + 11*r - 4. Let l be i(-11). Calculate the greatest common factor of 22 and l.
22
Suppose -y + 25 + 92 = 0. Let u = 11 - 7. Suppose u*v = -4*q + 32, 5 = -v - 0*v. Calculate the highest common factor of y and q.
13
Suppose -4*x = -3*p + 104, -132 = -p - 2*p - 3*x. Calculate the greatest common divisor of 20 and p.
20
Suppose s = 4, -2*i - 2*s - 7 = -5*i. Suppose -i*p - 2*n = -89, -2*n + 5*n + 11 = p. What is the greatest common divisor of 85 and p?
17
Suppose 4 - 20 = 4*c, 0 = -4*w - 5*c + 252. Let n be (w/6 + 0)*3. Let o = -18 + n. What is the highest common factor of o and 32?
16
Let s = 109 - 4. Suppose 3*m = 4*m - 35. Calculate the highest common factor of s and m.
35
Let l = 35 - 11. Suppose 0*x = -2*x + 48. What is the greatest common factor of l and x?
24
Let i be (-4)/7 - 705/(-21). Let d be 30/(-7) + 4/14. Let a be d/6 - 204/(-9). Calculate the highest common divisor of i and a.
11
Suppose -31*r + 6 = -29*r. Calculate the greatest common divisor of 33 and r.
3
Suppose 0 = 5*k + 5*h - h - 16, k - 16 = -4*h. Let a be -3 - 248/(-1 + k). Suppose 0 = 7*f - 2*f - a. What is the greatest common divisor of f and 7?
7
Let z = 1 + 32. Calculate the greatest common factor of z and 231.
33
Let r(i) = 4*i - 3*i**2 - 3 - i + 2*i**3 - i**3. Let f be r(3). Calculate the greatest common divisor of f and 6.
6
Let o(z) = -z**2 + 14*z - 23. Let s be o(12). Calculate the highest common factor of s and 10.
1
Let r be (204/(-8))/(2/(-12)). Suppose -2*z + 5*w = -4*z + r, -z + 75 = 3*w. Let d be (-12)/(-4 + 3 + 0). Calculate the greatest common divisor of d and z.
12
Let m(t) = t + 20. Let z be m(-6). What is the highest common factor of z and 2?
2
Let t = 20 - 8. Let m = 17 - t. Suppose m*z - f = 558, 5*z - 562 = -3*f + 2*f. Calculate the highest common divisor of z and 14.
14
Let c(n) = -2*n + 22. Let s be c(10). What is the greatest common factor of 4 and s?
2
Let i(u) = -3*u + 5*u + 17 + 6*u + 4*u - u**2. Let t be i(12). Suppose -o + 476 = 3*o. Calculate the highest common divisor of t and o.
17
Suppose 0 = -g + 45 - 2. Let o be g*3 - (-3 - -2). What is the greatest common divisor of 26 and o?
26
Suppose 0*t = -2*t + 10. Suppose -t*g + 4*q + 48 = -g, 2*q + 36 = 3*g. Let k = g - 0. What is the greatest common factor of 60 and k?
12
Let v(a) = 11*a + 3. Let t be v(3). Let c be 4 + -3*6/(-9). Calculate the highest common divisor of t and c.
6
Let g be (-4)/6 - (-39)/(-9). Let q be (g - 0)*(-32)/(-5). Let t be (30 + 0)*q/(-10). What is the highest common factor of t and 12?
12
Let v(a) = 4*a + 2. Let f be v(3). Let j = f - 10. Suppose -4*w = -i + 28, 5*i - j*w - 142 - 30 = 0. Calculate the greatest common divisor of 12 and i.
12
Let j = -172 - -313. Suppose -j - 156 = -3*p. Suppose -5*q + p = -2*q. Calculate the highest common divisor of q and 11.
11
Let r(c) be the second derivative of -34*c**3/3 + 2*c. Let u be r(-2). Calculate the highest common divisor of u and 17.
17
Suppose -2*z + 6*z = 88. Let x = 230 - 40. Let d = x + 52. Calculate the greatest common factor of z and d.
22
Let u(j) = -2*j + j**2 + 2 - 4*j - 10. Let r be u(9). Suppose -p + r = -1. Calculate the highest common divisor of p and 10.
10
Let f(x) = 2*x - 2. Let o be f(3). Suppose 0 = -5*s - 2*u - 16 + 66, 0 = 3*s - 5*u + 1. What is the highest common divisor of o and s?
4
Suppose 0 = -2*i + 51 + 109. Let p = 4 - 2. Let s = 30 + p. What is the highest common factor of s and i?
16
Let g(k) = 9*k**2. Let d = -4 + 3. Let n be g(d). What is the highest common factor of n and 72?
9
Let j be 63/(-49) + (-4)/(-14). Let g be (-2)/j - -1*12. Suppose 0 = 3*y - 5*z - 2, -z + g = -0*y + y. What is the highest common divisor of 6 and y?
3
Suppose -3*w + 4*n - 5 = 0, w + n - 11 = -4*n. Let s = 4 + w. Suppose 2*j = s*j - 39. What is the greatest common divisor of j and 13?
13
Let q be ((-1)/(-3))/((-2)/(-12)). Suppose 0 = -4*o + q*o + 108. Calculate the highest common divisor of 6 and o.
6
Suppose 41 - 9 = 4*j. Suppose 0 = 3*l - j - 10. What is the greatest common factor of 3 and l?
3
Let d be ((-4)/(-2))/(8/(-28)). Let j = 8 + d. What is the highest common divisor of 1 and j?
1
Suppose 4*n - 164 = -4*v, 75 = n + 5*v + 22. Calculate the highest common divisor of 57 and n.
19
Suppose -144 = -2*l - 2*d + 32, 5*d = 15. Let s(k) = 8*k - 9. Let u be s(7). Suppose 0 = 3*m - u - 4. What is the highest common factor of m and l?
17
Let b(l) = l**3 + 11*l**2 + 8*l - 12. Let h be b(-10). Calculate the greatest common divisor of h and 24.
8
Suppose 2*c = 4 - 0. Suppose -1 - c = -t. Let z = 0 - -3. What is the highest common factor of z and t?
3
Let f = -20 - -23. What is the greatest common factor of 6 and f?
3
Let a = 1 + 26. Let q be (-24)/(-16)*8/(-6). Let t be q/((-4)/2) - -2. Calculate the greatest common divisor of t and a.
3
Suppose -4*n + 129 = 3*f, -3*n + 24 = -2*n - 2*f. Suppose -d - d + n = 0. Calculate the greatest common divisor of d and 60.
15
Let u(m) = -m**2 + 28*m - 4. Let x be u(7). Calculate the highest common factor of x and 13.
13
Let k = -4 - -12. Let i(x) = x**3 - 9*x**2 + 7*x + 8. Let u be i(k). Suppose -g + 14 = -u*g. What is the greatest common divisor of 21 and g?
7
Suppose 5*d - 3*a - 69 = -0*a, 5*d + 3*a = 81. Calculate the highest common divisor of d and 5.
5
Let b be (-476)/(-44) + (2 - 20/11). Calculate the greatest common divisor of b and 11.
11
Suppose 2*z - 5*k = -z + 579, -3*k = -9. Let o = -16 + 34. What is the highest common factor of o and z?
18
Let k be 16/(-10) + 14/(-35). Let u(a) = -3*a**3 - a**2 - 2*a - 2. Let y be u(k). What is the highest common factor of y and 154?
22
Let g(h) = h**2 - h. Let a be g(0). Suppose a = 3*v - 1 - 5. Suppose 11 = 3*s - 19. What is the highest common divisor of s and v?
2
Let q = -78 - -134. Let a = 131 - 117. What is the highest common divisor of q and a?
14
Suppose -5*n - 25 = 0, 3*s + 0*s - 5*n - 805 = 0. What is the greatest common factor of s and 26?
26
Let d be ((-22)/(-3))/(2/33). Suppose 0 = 2*v + 2*s - 30, -2*s = 3*s - 20. What is the greatest common divisor of d and v?
11
Let c(a) = a**3 + 12*a**2 + 22*a + 10. Let u be c(-9). Calculate the greatest common factor of u and 33.
11
Let z be 12/60 - (-148)/10. Calculate the greatest common factor of z and 75.
15
Let b(d) = 2*d**3 - d*